)?
-3
Suppose 7*s = -3*s + 40. Suppose s*h + 759 = -7*h. Let a = h - -61. Let p(v) = -v - 9. Determine p(a).
-1
Let q(r) be the third derivative of 1/12*r**4 - 13*r**2 + 0 + 0*r + 1/60*r**5 + 1/2*r**3. Let a be (-3)/((-4 + (-28)/(-4))/2). Calculate q(a).
3
Let l(g) = 40*g**3 - 18*g**2 + 15*g + 42. Let z(d) = -93*d**3 + 36*d**2 - 31*d - 86. Let r(x) = -7*l(x) - 3*z(x). What is r(17)?
49
Let o(x) = -9*x + 14. Let f be 6/(-81) + (-14)/(108/48 + -9). Determine o(f).
-4
Let f = 5 + 4. Suppose 0 = 3*a - f, -2*a = -3*z - 0*a - 24. Let l(x) = -6*x + 5*x**2 + x**3 - 2*x + 2*x + 1. Determine l(z).
1
Let v = -220192 - -220195. Let u be -1 + 0 - 3*-1. Let m(f) = f**2 + 2*f - 2*f**u + 2*f. Calculate m(v).
3
Let n(z) = z**2 + 7*z + 5. Suppose -2*s + 66 - 8 = 0. Suppose -12*i = -s*i + 68. Suppose 8 + 14 = -3*l + i*k, 0 = -2*k + 2. Calculate n(l).
-1
Let p(n) be the first derivative of 7*n**2/2 - 15*n - 2641. Calculate p(6).
27
Let q(t) = 312*t**2 + 10*t. Let s(m) = -2658*m**2 - 85*m. Let k(z) = -34*q(z) - 4*s(z). Let u(a) = -a**2. Let w be u(-1). Give k(w).
24
Let o(w) = w**2 - 29*w - 85. Let c = -7796 + 7793. Determine o(c).
11
Suppose -508 = 25*j - 838 + 405. Let t(a) = 2*a**2 + 47*a + 129. Calculate t(j).
6
Let g(q) = 1 + 3*q - 7*q - 748041*q**3 - 5*q - 4*q**2 + 748042*q**3. Give g(6).
19
Let y(h) = -h**3 + 6*h**2 + 8*h + 11. Let l(p) = -p**3 + 6*p**2 + 8*p + 12. Let v(d) = 5*l(d) - 6*y(d). Suppose -21*n - 122*n + 1876 = 125*n. Determine v(n).
-13
Let l(b) = 27*b + 20. Let d(u) = -16*u - 11. Let w(f) = -5*d(f) - 3*l(f). Let y be (3 + -2)/((-3)/9). What is w(y)?
-2
Suppose -y - 4669 = -5*u - 5*y, 0 = -3*u + y + 2798. Let j = u - 942. Let t(i) = -i**3 - 8*i**2 + 11*i - 7. Give t(j).
-25
Let n(i) = -6*i - 2 - 2*i - 1. Let v = 182151 + -182152. What is n(v)?
5
Let s(r) be the first derivative of r + 58 - 1/2*r**2. What is s(2)?
-1
Let g(k) be the second derivative of 4*k**3/3 - 76*k**2 + 74*k + 9. What is g(18)?
-8
Let w(v) = v**2 - 4*v - 19. Let m be w(8). Suppose 0 = -3*n + m + 20. Let q(s) = 3*s - 4. Determine q(n).
29
Let q be 5/25*(3 - -2). Let j(w) = w**2 + 7*w. Let h(z) = z. Let c(k) = q*j(k) + 2*h(k). Let x be c(-9). Let o(u) = u**2 - u - 2. Calculate o(x).
-2
Let v(f) = f**3 - 5*f**2 + 4. Suppose 4*j + 54 = -25*k + 27*k, -2*k = j - 64. Let y be 103/4 - 1/(-4). Let r = k - y. Determine v(r).
4
Let l(n) = 97 - 223 + 128 + 0*n + n. What is l(-16)?
-14
Let k(b) = b + 6. Let c be k(-5). Let i(a) = a + 7*a**2 - 2 + 4*a**2 + 2 - c. Let x(y) = y**3 - 9*y**2 - 47*y - 64. Let v be x(13). Give i(v).
11
Let f(v) = -v - 3. Let q be 43/8 - (-21)/(-56). Determine f(q).
-8
Let r be 5/4*(1 + -5). Let f(c) = -2*c - 8. Let a be f(-6). Let o(n) = n + n - a*n + 0*n + 2. What is o(r)?
12
Let s be 0/((6/(-18))/(1/3)). Let w be ((-24)/36)/(s - (-4)/(-114)). Suppose w = 3*t + k - 6, -2*t + 2*k + 22 = 0. Let f(l) = -l**2 + 12*l - 10. Calculate f(t).
17
Suppose 6 + 6 = -3*q, -w + q = -10. Let z be (6 + 1)*(-3)/(3 + 0). Let s be w/(-8)*(z - -3). Let d(g) = g**3 - 3*g**2 + 5*g - 3. What is d(s)?
12
Let v(c) = -c**3 - 7*c**2 + 15*c - 27. Let o be v(-9). Let s(d) be the second derivative of 3*d**2 + o - 15*d + 1/6*d**3. Determine s(-10).
-4
Let y = -786 + 808. Let c(k) = 8*k - 14 - 10*k + 5*k**2 - 22 + 55 - y - k**3. Give c(3).
9
Let u(k) be the first derivative of -k**4/4 + 5*k**3/3 - 3*k**2/2 - 5*k + 17. Suppose 11*v - 8*v = 60. Suppose 2*m + 3*m = v. Give u(m).
-1
Suppose 0 = -3*l - 372*h + 368*h - 18, -4*h = 36. Let x(m) = -m**2 + 6*m - 12. Determine x(l).
-12
Suppose -5*l + 381 - 366 = 0, -2*s - 23 = -5*l. Let a(d) = -15*d - 56. What is a(s)?
4
Let v be ((-6)/21)/(-4 + (-656)/(-168)). Let x(r) = -3*r**2 + 9*r - 5. Let h(p) = -p + 1. Let o(i) = -6*h(i) - x(i). Determine o(v).
17
Let b(c) be the third derivative of c**4/12 - c**3/3 + 807*c**2. Give b(1).
0
Let d = 221 - 212. Suppose -4*y + 23 = -o, 4*o + d*y = 4*y - 8. Let n(h) = h**3 + 8*h**2 + 6*h + 1. Determine n(o).
8
Let i(f) = 4*f - 50. Suppose 309 + 141 = 47*p + 27. Determine i(p).
-14
Let h(p) = -46*p + 2. Let v be h(0). Let o(s) = 35*s**v - 3 + s**3 - 101*s**2 - 1 + 2*s + 40*s**2 + 28*s**2. Give o(2).
16
Suppose -5*c + 17 = 3*t - 3, -16 = -3*t - 4*c. Let i(j) be the first derivative of j**4/4 - j**3/3 + j**2/2 - 4*j + 592. What is i(t)?
-4
Let z(y) be the second derivative of 2*y**3 + 0 + 15*y + 0*y**2 + 1/120*y**5 + 7/12*y**4. Let f(i) be the second derivative of z(i). Calculate f(-8).
6
Let v(f) be the first derivative of f**4/2 + 2*f**3 - 3*f**2 - 10*f - 3620. Give v(-6).
-190
Let c(n) = -89*n - 3. Suppose 154*j - 100*j = -288*j. Determine c(j).
-3
Let g(j) = 5*j + 5. Suppose -24*t + 13*t = 88. Let l(h) = 12*h + 92. Let d be l(t). Give g(d).
-15
Let a(y) = 9*y - 1. Suppose 82 = -5*n - 2*k, 3*n = 6*n - 4*k + 70. Let v be n/9 - 12/(-3) - 1. Calculate a(v).
8
Suppose -2*w = 5*b - 13, -4*w = 5*b - w - 12. Let v(k) = 5*k + 3*k**b - 7*k**3 + 3*k**3 + 3 - 3*k - 5*k**2 - 2. Calculate v(-5).
-9
Let g = -113 + 116. Let l(z) = -z**2 + z - 1. Determine l(g).
-7
Suppose -2*m + h = -5, 151*h = -4*m + 149*h - 2. Let d(g) = -2 - 2 + 3 + 4*g**2. What is d(m)?
3
Suppose -41*v - 9085 + 9618 = 0. Let h(t) = -15*t + 187. What is h(v)?
-8
Let n(i) = -7*i - 36. Let g(d) = -4*d - 24. Let b(h) = -5*g(h) + 3*n(h). Determine b(11).
1
Let o(k) = 9*k**3 + 38*k - 3. Let y(v) = 18*v**3 + 66*v - 5. Let x(i) = 7*o(i) - 4*y(i). Suppose 7*t + 3*t - 10 = 0. Determine x(t).
-8
Let p(h) = -37*h**2 + 9*h - 46. Let d(i) = -19*i**2 - i. Let z(b) = -2*d(b) + p(b). Give z(-15).
14
Let z(k) = -k**3 - 15*k**2 - 10*k + 49. Let g = 2749 + -2763. Determine z(g).
-7
Let c(g) be the third derivative of 0 + 0*g**3 + 3*g**2 + 0*g**4 - 15*g + 0*g**5 - 31/120*g**6. Calculate c(-1).
31
Let w(o) = 20*o**3 - 2*o**2 + 46*o + 98. Let r(s) = -7*s**3 + s**2 - 16*s - 34. Let f(u) = -17*r(u) - 6*w(u). Determine f(-5).
10
Let u(y) = -39*y + 1. Let l be (-5 - -3)*(-3)/(-6). Calculate u(l).
40
Let g(s) = -s**3 + 5*s**2 + 2*s + 5. Let a be g(6). Let m = 22 + a. Let k(w) = 2*w**3 + 11*w**3 + 2*w - 8*w**3 - m*w + 2*w**2. What is k(1)?
6
Let n(m) be the second derivative of m**5/10 - m**4/12 - 2*m**3/3 + 5*m**2/2 - 255*m. Calculate n(3).
38
Let f(n) = n**2 + 3*n - 39. Let d be f(-7). Let s(c) = 7*c + 81. Let l be s(d). Let j(v) = -l + 59*v + 2 + 5 - 55*v. Determine j(-2).
-5
Let o(w) = w**3 - w**2 + 15*w - 15. Let q be o(1). Suppose q = 8*j - 5 + 61. Let r(s) = s**2 + 8*s + 10. Determine r(j).
3
Let z = -1063 + 1065. Let q(n) = 6*n**2 - 2*n - 2. Give q(z).
18
Let s(j) = j**3 + 0*j - 9884 - 2*j + 13*j**2 - 9881 + 19767. What is s(-13)?
28
Let a(k) = k**3 + 7*k**2 + 6*k - 6. Let m(f) = 3*f**2 - 44*f + 551. Let r(y) = 2*y**2 - 22*y + 276. Let b(t) = 3*m(t) - 5*r(t). Let u be b(9). Determine a(u).
-6
Let n(i) be the second derivative of -5*i**4/4 - 3*i**3/2 - 5*i**2 - 2*i - 1. Let t be n(-1). Let d(f) = f**3 + 16*f**2 - 7. What is d(t)?
-7
Let i(x) = 1 + 9*x - x**2 - 2*x**2 + 2*x**2. Let k = -903 - -912. Determine i(k).
1
Let a(k) = -4*k**3 + 4*k**2 + 5*k + 5. Let x be (29/(174/18))/((-3)/2). Determine a(x).
43
Let o(j) = -23*j + 5. Let k(g) = -5 + 15 - 2 - 8*g + 1 - 8. Let z(i) = -8*k(i) + 3*o(i). Determine z(3).
-8
Let l(j) = -j**2 + 4*j + 3. Let a be (-3 - -11) + ((-5)/(-5) - 4). Suppose a*p - 101 = -16. Let h = 23 - p. What is l(h)?
-9
Let g be ((-28)/(-21))/(4/(-6)). Suppose -q + 3*l = -15, -11 - 14 = 5*q + 5*l. Let c = g + q. Let s(u) = -u**2 - u + 1. Calculate s(c).
-1
Let q(m) be the first derivative of -52*m**2 - 3*m + 458. Calculate q(1).
-107
Let b(u) = u**2 - 30*u - 1044. Let y be b(-21). Let g(k) = -k + 25. Calculate g(y).
-2
Let p(y) = 12*y**3 - 9*y**2 + 19*y + 11. Let w(a) = -7*a**3 + 4*a**2 - 10*a - 6. Let h(t) = 3*p(t) + 5*w(t). Determine h(6).
9
Let o(y) be the third derivative of y**6/120 + 3*y**5/20 + 7*y**4/12 - 7*y**3/6 + 1361*y**2 - 2. Calculate o(-4).
17
Suppose -3*i - 43 + 48 = 4*p, -2*p - i + 3 = 0. Let f(v) be the first derivative of -3*v**p - 11 + 1/3*v**3 + 4*v. Calculate f(5).
-1
Let w(r) = -28*r**3 - 3*r**2 - 4*r - 2. Let v be w(-1). Suppose 32*s - 30 = v*s. Let m(d) = d**2 - 6*d + 1. Determine m(s).
1
Suppose -3*o + 204 - 219 = 5*r, 3*r - 4*o = 49. Let w(b) = b - 2 - 3 + 0*b. Give w(r).
-2
Let d be (16/(-16))/((-1)/3). Let t(j) be the third derivative 